q) = 79*q + 386. Let k be s(-5). Let w(f) = 3*f - 12 + 7*f + 2*f**2 + 0. Is 10 a factor of w(k)?
True
Let a(p) = 11*p**2 + 2*p + 33. Let m(o) = 7*o**2 + o + 22. Let t(l) = -5*a(l) + 8*m(l). Is 7 a factor of t(6)?
True
Let h be (-26)/(1/2 - 245/450). Suppose 11*c - h = -2*c. Is 13 a factor of c?
False
Let l = -13 + 4. Let b(w) = 2*w**3 + 23*w**2 - 3*w + 7. Let k(i) = i**3 + 11*i**2 - 2*i + 4. Let c(m) = 4*b(m) - 9*k(m). Does 27 divide c(l)?
False
Is (-472)/6*(-33)/11 + -3 a multiple of 3?
False
Let v be -6 + (-2)/(-2 - -3). Let m be 10 - (v/(-2) + -2). Does 11 divide ((-28)/m)/((-2)/12)?
False
Let g(w) = 25*w**2 - 16*w - 6. Is g(-8) a multiple of 14?
True
Let a = 19 - 42. Let h = -29 - a. Does 8 divide (45/h)/((-6)/32)?
True
Suppose -752 = -3*j + 2*c, 8*j + 4*c = 3*j + 1268. Suppose -2*q = -5*q + j. Let i = q - 25. Does 10 divide i?
False
Suppose -5*h = 2*n - 6*h - 814, -n + 410 = h. Does 8 divide n?
True
Let p = 4133 - 2233. Does 95 divide p?
True
Suppose 5*m - 2*q = 3, -5*q - 1 = -3*m - 3*q. Suppose -2*u - 2*n + 418 = 0, -5*n - m = -4*n. Does 15 divide u?
True
Let p = -369 + 201. Let t = p - -242. Is t a multiple of 16?
False
Let m = 5 - 8. Let c be 142 - m/(9/(-6)). Suppose 3*a - 24 = -k, -3*a = 4*k - 2*a - c. Is 12 a factor of k?
True
Let z be 2/3*597/2. Suppose 251 + z = 9*y. Does 12 divide y?
False
Let o(m) = 6*m**2 - 56*m + 484. Does 18 divide o(24)?
False
Let u(m) = -4*m**3 + 4*m**2 - 14*m. Does 22 divide u(-9)?
True
Let h(m) be the second derivative of -4*m**3 + 7*m**2/2 + 6*m. Is 21 a factor of h(-3)?
False
Let i(j) = j**2 + 1. Let g be 3*(3 - (0 - 1 - -3)). Is 6 a factor of i(g)?
False
Suppose o = u - 50, -o = 3*u + u + 55. Let n = -37 - o. Does 6 divide n?
False
Let i = 1054 - -72. Is i a multiple of 15?
False
Suppose -3*u = -u + 78. Let h be (u/(-2))/(3/8). Suppose 2*a + h = l - a, 3*a = -3*l + 144. Does 12 divide l?
False
Let q(k) = -k**2 + 21*k + 2. Let o = 53 - 42. Is 28 a factor of q(o)?
True
Let n(r) = 161*r - 858. Does 3 divide n(6)?
True
Let w = 56 + -39. Suppose 4*t - 2 - 2 = -4*f, 0 = -2*t - 3*f + 2. Suppose 0 = -m + t + w. Does 12 divide m?
False
Let a(j) = 13*j - 13. Does 10 divide a(10)?
False
Let i = -275 + 387. Is i a multiple of 8?
True
Let t(i) = -i**3 - 10*i**2 + 8*i + 7. Let l be t(-10). Let d = l + 123. Let j = 165 - d. Does 23 divide j?
True
Let v(d) = -d**3 + 2*d**2 + 7*d - 3. Let r be v(4). Is (-2)/r + (-2134)/(-77) a multiple of 4?
True
Let f be (-224)/(-22) + (-4)/22. Let t(g) = -5*g + 24. Let z be t(f). Let j = z - -104. Does 13 divide j?
True
Suppose -6*y + 5*y - 8 = 0. Let o(h) = -4*h**2 + 3*h - 10. Let c(p) = 3*p**2 - 3*p + 9. Let v(n) = -5*c(n) - 4*o(n). Is 6 a factor of v(y)?
False
Let j = 19 + -17. Suppose h + 6 = 2*f, -4*h + 12 = 4*f - j*h. Let l(a) = 12*a - 4. Is 12 a factor of l(f)?
False
Is 51 a factor of 241*2 - (-101 - -107)?
False
Is (6 + -11)*(-3 - (3 + -3)) a multiple of 4?
False
Let z(s) = s - 9*s + 11 + s - 8*s**2 + 7*s**2. Let n be z(-8). Suppose 5*p = -2*f + 65, 3*p - 188 + 68 = -n*f. Is 15 a factor of f?
True
Let i be ((-8)/16)/((-1)/6). Suppose i = -d, -t - d + 11 = 2. Does 4 divide t?
True
Let m = 47 + -122. Let s = 106 + m. Suppose -2*x + s + 15 = 0. Does 15 divide x?
False
Does 38 divide (379 - (-3 + 2))*3/6?
True
Let j be ((-36)/27)/((-4)/6). Suppose -3*s = s + f - 411, 202 = j*s + 4*f. Does 18 divide s?
False
Let m(f) = -46*f - 1. Suppose 0*i = 2*y - 3*i + 5, 3*y = i + 10. Let k be (y - 6) + (0 - 0). Is m(k) a multiple of 7?
False
Let j(v) = 2*v**2 + v - 10. Is j(4) a multiple of 3?
False
Suppose 10 = -4*p + 3*k + 1, -5*p + 6 = 2*k. Let w(t) = 4*t + 27. Does 9 divide w(p)?
True
Let i(j) be the second derivative of j**6/120 - j**5/12 - j**4/12 + 4*j. Let h(z) be the third derivative of i(z). Is 10 a factor of h(6)?
False
Let w(k) = 3*k**3 + k**2 + k - 1. Let o be w(1). Suppose 0 = -o*h + h + 408. Does 41 divide h?
False
Suppose 55440 = 147*b - 135*b. Is b a multiple of 132?
True
Suppose -6*u + 2357 = -85. Is 37 a factor of u?
True
Let r(k) = k**3 - 13*k**2 + 13*k + 8. Let z be r(12). Suppose -x + a - z = 0, -a = 3*a + 12. Let n = x - -77. Is 27 a factor of n?
True
Let r be 6/(-10) + 166/10. Suppose 3*z = -m + r, -2*z = -5*z - 6. Does 5 divide m?
False
Let f(s) = -s**2 + s + 90. Let i(g) = 2*g - 12. Let q be i(6). Does 9 divide f(q)?
True
Suppose 4*t - 4*s = 112, 11*t = 9*t + 5*s + 65. Does 21 divide t?
False
Suppose -2*q + 2*i = -522, -2*q + 2*i + 522 = i. Is 10 a factor of q?
False
Let z be (6/4)/(3/6). Let m(j) = -9 + 30*j - 2*j**2 + 22*j**2 - 8*j - j**z. Is m(21) a multiple of 3?
True
Let m be (-14)/(-7) - (48 - (-3)/(-3)). Let l = m + 89. Does 13 divide l?
False
Let r(t) = 4*t + 12. Let z(o) = 1. Let g(m) = -r(m) + 6*z(m). Suppose -j = -2*j - 6. Does 6 divide g(j)?
True
Let n be (3/(-3))/(6/3 + -1). Let j(y) = 177*y**2 - 3*y - 2. Is j(n) a multiple of 26?
False
Let l be 30/5 + (-1)/((-2)/(-4)). Is 39 a factor of 12/(-8) + 2/l - -40?
True
Let j be (-101)/4*(0 + -4). Let y be (-3)/6 + (-3)/(24/476). Let z = j + y. Is 13 a factor of z?
False
Let z(n) be the second derivative of 31*n**4/3 - n**3/3 + n**2 + 5*n. Let j be z(1). Suppose 5*v - 2*h - j = 0, v - 5*h = -2*v + 82. Is v a multiple of 8?
True
Let r = -4 - -5. Let s be r/8 - 93/(-24). Suppose 4*m - 25 = s*b - 5*b, -5*m - 52 = -b. Is 33 a factor of b?
False
Let t(f) = -3*f**2 + 11*f - 21. Let p be t(6). Let v be (-2)/(-8) - 153/4. Let u = v - p. Does 5 divide u?
True
Let z = 602 + -539. Is 26 a factor of z?
False
Suppose 0 = 12*i - 23*i + 110. Suppose 143 = -i*k + 11*k. Is 13 a factor of k?
True
Suppose -185*y - 5030 = -195*y. Is 9 a factor of y?
False
Suppose 10*v - 5*v - 1360 = 0. Does 68 divide v?
True
Let j = 131 - -289. Is j a multiple of 6?
True
Let b = 166 + 434. Does 40 divide b?
True
Suppose 0 = 2*g - 5*x - 70, -2*g + x + 66 = -12. Does 2 divide g?
True
Let y = -24 - -16. Let v(p) = -p**3 - 9*p**2 - 8*p + 4. Is 2 a factor of v(y)?
True
Let w be 16 + (-8)/(-6)*-3. Is 26 a factor of w/(1/((-78)/(-9)))?
True
Is 17 a factor of (0 - ((-2)/(-4) + -1))*1046?
False
Let c = 264 - 149. Is c a multiple of 23?
True
Suppose -3*y + 12 = -4*n - 130, 3*n - y = -104. Let j = n - -66. Is j a multiple of 13?
False
Suppose a = 1, 13*x = 15*x + 2*a - 6082. Does 20 divide x?
True
Let t(n) = 2*n**2 + 32*n + 140. Is t(-4) a multiple of 3?
False
Let j be (-1 - -1 - -3) + 31 + -34. Suppose 2*p - 2*z - 227 - 15 = 0, z = j. Is p a multiple of 21?
False
Suppose y + 55 = -k, 2*y - 4*k + 5*k = -111. Is 8/(-8)*(y/2 + -1) a multiple of 6?
False
Suppose -c - 4*r + 1 = -6, 3*r + 66 = 4*c. Let m(a) = a**3 - a**2 + a - 3. Let j be m(0). Let b = c + j. Does 4 divide b?
True
Let j(k) = 214*k - 80. Is j(14) a multiple of 80?
False
Let p(f) = -3*f**3 - 33*f**2 - 33*f - 18. Does 46 divide p(-14)?
True
Suppose 6*l + 5 = 5*l. Let f(y) = y + 6. Let s be f(l). Is 4 a factor of (2*s)/(12/72)?
True
Suppose 2*f = 27 + 199. Let x = -26 + f. Does 15 divide x?
False
Does 2 divide (1/(3/(-38)) + 3)*-15?
False
Is (151/453)/(2/5976) a multiple of 12?
True
Suppose 2*k - 26 = -6. Suppose -5*j + 7 = 2*z, 0 = -2*j - 3*z - z - k. Suppose -j*i + 24 = -2*i. Is i a multiple of 8?
True
Let k(n) = 4*n + 12. Suppose 2*s = 4*d + 16, -s - 3*d - 2 = -5. Does 9 divide k(s)?
True
Let l(m) = 39*m**2 + 4*m - 3. Let s be l(1). Suppose -3*v - s = -175. Does 9 divide v?
True
Does 7 divide (-601)/(-9) + (-8)/(-36)?
False
Let k(p) = -221*p**2 - 2*p. Let o be k(-2). Let r be 0/2 + o/(-8). Suppose r = 5*x + 5*w, 6*x - 42 = 4*x - w. Is 10 a factor of x?
True
Suppose 0 = -5*n - z + 1749, -2*n + z = -3*z - 704. Does 39 divide n?
False
Let c(g) = -5*g + 61. Let w be c(-23). Suppose 2*h + 0*h + w = v, 2*h = 5*v - 872. Does 29 divide v?
True
Suppose 12*z = 9*z + 2682. Does 32 divide z?
False
Is 54 a factor of 12/((-132)/(-209))*(39 - 1)?
False
Suppose 3*s = -3*s + 84. Suppose -4*m - c + 118 = 0, m - 8 - s = -4*c. Is 10 a factor of m?
True
Suppose o - 43*u + 41*u - 1589 = 0, 3*o + u = 4774. Is o a multiple of 37?
True
Let c = 38 + -38. Suppose c = -0*k + 3*k - 120. Does 10 divide k?
True
Suppose 4*s - 802 = -2*w, 4*s - 879 = 4*w - 71. Suppose 3*m - s = -81. Is m a multiple of 8?
True
Let m be 1 - 2 - 30/15. Let o be (m - -2)/((-2)/6). Suppose -228 = -o*w - 3*w. Is w a multiple of 6?
False
Let y(r) =